{"id":71,"date":"2019-06-18T15:33:53","date_gmt":"2019-06-18T15:33:53","guid":{"rendered":"http:\/\/biennale-bacs.com\/?page_id=71"},"modified":"2019-10-21T09:32:47","modified_gmt":"2019-10-21T09:32:47","slug":"exhibitions","status":"publish","type":"page","link":"https:\/\/biennale-bacs.com\/index.php\/exhibitions\/","title":{"rendered":"2019 Edition Artists"},"content":{"rendered":"\n<figure class=\"wp-block-image\"><img loading=\"lazy\" decoding=\"async\" width=\"600\" height=\"604\" src=\"http:\/\/biennale-bacs.com\/wp-content\/uploads\/2019\/06\/510638_1_m.jpg\" alt=\"\" class=\"wp-image-79\" srcset=\"https:\/\/biennale-bacs.com\/wp-content\/uploads\/2019\/06\/510638_1_m.jpg 600w, https:\/\/biennale-bacs.com\/wp-content\/uploads\/2019\/06\/510638_1_m-150x150.jpg 150w, https:\/\/biennale-bacs.com\/wp-content\/uploads\/2019\/06\/510638_1_m-298x300.jpg 298w\" sizes=\"auto, (max-width: 600px) 100vw, 600px\" \/><figcaption>By Damien Hirst<\/figcaption><\/figure>\n\n\n\n<p><br><br><\/p>\n\n\n\n<h3 class=\"wp-block-heading\">TRIBUTE TO THE DEAD ARTISTS &#8211; Espace Matisse<br><\/h3>\n\n\n\n<p>Francis Bacon<br>Enrico Baj<br>Jean-Michel Basquiat<br>Alexander Calder<br>Michele Cascella<br>Marc Chagall<br>Jean Cocteau<br>Salvador Dal\u00ec<br>Max Ernst<br>Keith Haring<br>Jannis Kounellis<br>Ren\u00e9 Magritte<br>Henri Matisse<br>Juan Mir\u00f3<br>Carlo M\u00f2<br>Henry Moore<br>Jackson Pollock<br>Robert Rauschenberg <br>Man Ray<br>Emilio Scanavino<br>Graham Sutherland<br>Cy Twombly<br><\/p>\n\n\n\n<div class=\"wp-block-image\"><figure class=\"aligncenter\"><img loading=\"lazy\" decoding=\"async\" width=\"347\" height=\"400\" src=\"http:\/\/biennale-bacs.com\/wp-content\/uploads\/2019\/06\/BASQUIAT.jpg\" alt=\"\" class=\"wp-image-83\" srcset=\"https:\/\/biennale-bacs.com\/wp-content\/uploads\/2019\/06\/BASQUIAT.jpg 347w, https:\/\/biennale-bacs.com\/wp-content\/uploads\/2019\/06\/BASQUIAT-260x300.jpg 260w\" sizes=\"auto, (max-width: 347px) 100vw, 347px\" \/><figcaption> By Jean-Michel Basquiat<br><\/figcaption><\/figure><\/div>\n\n\n\n<h3 class=\"wp-block-heading\">INVITED ARTISTS &#8211; Espace Cocteau, Espace Kurosawa, Espace Fontana, Espace Bingen <\/h3>\n\n\n\n<div class=\"wp-block-image\"><figure class=\"aligncenter\"><img loading=\"lazy\" decoding=\"async\" width=\"229\" height=\"229\" src=\"http:\/\/biennale-bacs.com\/wp-content\/uploads\/2019\/08\/Jannis-KOUNELLIS-1.jpg\" alt=\"\" class=\"wp-image-215\" srcset=\"https:\/\/biennale-bacs.com\/wp-content\/uploads\/2019\/08\/Jannis-KOUNELLIS-1.jpg 229w, https:\/\/biennale-bacs.com\/wp-content\/uploads\/2019\/08\/Jannis-KOUNELLIS-1-150x150.jpg 150w\" sizes=\"auto, (max-width: 229px) 100vw, 229px\" \/><figcaption>By Jannis Kounellis<\/figcaption><\/figure><\/div>\n\n\n\n<p>Algarco<br>Patrizia Almonti<br>Amira<br>Gabriele Amor<br>Anval <br>Bruno Cerboni Bajardi<br>Banksy<br>Gigliola Belli<br>Giuseppe Beltramini<br>Caroleena Bingham<br>Hugo Bogo<br>Maria Bologna<br>Kim Boulukos<br>Stanley Boydston<br>Fran Bull<br>Mariangela Da Campo Cappellesso<br>Giovanni di Carpegna Falconieri<br>Massimo Cattalani<br>Christo<br>Christiane Delgado (Rivierakris)<br>Cristine Duniec<br>Zeng Fanzhi<br>Jean-Fran\u00e7ois Ferrandez<br>Brian Finch<br>Giuseppe Galli<br>Amalie Galstyan<br>Christophe Gastaldi<br>Luigi Gattinara<br>Gaspare Gisone<br>Sandy Heffernan<br>Damien Hirst<br>George K.<br>David Gabriel Kavafy<br>Alexis Kersey<br>Florian K\u00f6hler<br>Massimiliano Kornm\u00fcller<br>Yayoi Kusama<br>Antonio Laurelli<br>Herv\u00e9 Laurent<br>Andr\u00e9 Laurenti<br>Michele Liparesi<br>Nicola Lisanti<br>Sergio Massetti<br>Eric Massholder <br>Salvatore Milano<br>John David Mooney<br>Vladimir Mullin<br>Antonio Mussari<br>Mannish Nai<br>Yoshitomo Nara<br>Rajesh Eknath Patil<br>Francesco Perilli<br>Miro Persolja<br>Lorenzo Pesce<br>Ezio Della Piazza<br>Giorgio Pica<br>Christian Pinson<br>Michelangelo Pistoletto<br>Viatceslav Plotnikov<br>Silvia Polizzi<br>Concetto Pozzati<br>Antwan Ramar<br>Parwin Ravan<br>Gerhard Richter<br>Franco Rota Candiani<br>Souheil Salam\u00e9 <br>Patrizia A. Salles<br>Raymond Santoro<br>Constanza L. Schlichting<br>Silvia del Secco<br>Claudio Della Selva<br>Christine Semini<br>Menelaw Sete<br>Bhavna Sonawana<br>Ernesto Spinelli<br>Julian T.<br>Drew Tal<br>Joe Tilson<br>Aurelia Trapani<br>Alberto Trebeschi<br>Max Utzieri<br>Patrick Varotto<br>Leonardo Venezia<br>Luca Vitone <br>L\u00e9o Wesel <br>Caterina Zavattaro<br><\/p>\n\n\n\n<div class=\"wp-block-image\"><figure class=\"aligncenter is-resized\"><img loading=\"lazy\" decoding=\"async\" src=\"http:\/\/biennale-bacs.com\/wp-content\/uploads\/2019\/06\/FINCH_MEMORY-1.jpg\" alt=\"\" class=\"wp-image-104\" width=\"479\" height=\"509\" srcset=\"https:\/\/biennale-bacs.com\/wp-content\/uploads\/2019\/06\/FINCH_MEMORY-1.jpg 479w, https:\/\/biennale-bacs.com\/wp-content\/uploads\/2019\/06\/FINCH_MEMORY-1-282x300.jpg 282w\" sizes=\"auto, (max-width: 479px) 100vw, 479px\" \/><figcaption>By Brian Finch<\/figcaption><\/figure><\/div>\n\n\n\n<p><br> <\/p>\n\n\n\n<h3 class=\"wp-block-heading\">GREAT CREATORS OF CONTEMPORARY DESIGN &#8211; Espace Chagall  <\/h3>\n\n\n\n<p>Artemide<br>Giacomo Balla<br>Marcel Breuer<br>Marcel Duchamps<br>Luigi Gattinara<br>Simon Gavina<br>Eileen Gray<br>Ross Lovegrove<br>Sebastian Matta<br>Meret Oppenheim<br>Arnaldo Pomodoro<br>Gio Ponti<br>Man Ray<br>Tobia Scarpa<br>Carlo Scarpa<br>Kazuhide Takahama<br>Eva Zeisel<br><\/p>\n\n\n\n<ul class=\"wp-block-gallery columns-3 is-cropped wp-block-gallery-1 is-layout-flex wp-block-gallery-is-layout-flex\"><li class=\"blocks-gallery-item\"><figure><img loading=\"lazy\" decoding=\"async\" width=\"265\" height=\"200\" src=\"http:\/\/biennale-bacs.com\/wp-content\/uploads\/2019\/06\/unnamed.jpg\" alt=\"\" data-id=\"110\" data-link=\"http:\/\/biennale-bacs.com\/unnamed\/\" class=\"wp-image-110\"\/><\/figure><\/li><li class=\"blocks-gallery-item\"><figure><img loading=\"lazy\" decoding=\"async\" width=\"265\" height=\"200\" src=\"http:\/\/biennale-bacs.com\/wp-content\/uploads\/2019\/06\/unnamed-1.jpg\" alt=\"\" data-id=\"109\" data-link=\"http:\/\/biennale-bacs.com\/unnamed-1\/\" class=\"wp-image-109\"\/><\/figure><\/li><li class=\"blocks-gallery-item\"><figure><img loading=\"lazy\" decoding=\"async\" width=\"1024\" height=\"855\" src=\"http:\/\/biennale-bacs.com\/wp-content\/uploads\/2019\/06\/114485-1024x855.jpg\" alt=\"\" data-id=\"108\" data-link=\"http:\/\/biennale-bacs.com\/114485\/\" class=\"wp-image-108\" srcset=\"https:\/\/biennale-bacs.com\/wp-content\/uploads\/2019\/06\/114485-1024x855.jpg 1024w, https:\/\/biennale-bacs.com\/wp-content\/uploads\/2019\/06\/114485-300x251.jpg 300w, https:\/\/biennale-bacs.com\/wp-content\/uploads\/2019\/06\/114485-768x641.jpg 768w\" sizes=\"auto, (max-width: 1024px) 100vw, 1024px\" \/><\/figure><\/li><li class=\"blocks-gallery-item\"><figure><img loading=\"lazy\" decoding=\"async\" width=\"600\" height=\"599\" src=\"http:\/\/biennale-bacs.com\/wp-content\/uploads\/2019\/06\/1-1.jpg\" alt=\"\" data-id=\"106\" data-link=\"http:\/\/biennale-bacs.com\/1-1\/\" class=\"wp-image-106\" srcset=\"https:\/\/biennale-bacs.com\/wp-content\/uploads\/2019\/06\/1-1.jpg 600w, https:\/\/biennale-bacs.com\/wp-content\/uploads\/2019\/06\/1-1-150x150.jpg 150w, https:\/\/biennale-bacs.com\/wp-content\/uploads\/2019\/06\/1-1-300x300.jpg 300w\" sizes=\"auto, (max-width: 600px) 100vw, 600px\" \/><\/figure><\/li><li class=\"blocks-gallery-item\"><figure><img loading=\"lazy\" decoding=\"async\" width=\"768\" height=\"768\" src=\"http:\/\/biennale-bacs.com\/wp-content\/uploads\/2019\/06\/3.jpg\" alt=\"\" data-id=\"107\" data-link=\"http:\/\/biennale-bacs.com\/3\/\" class=\"wp-image-107\" srcset=\"https:\/\/biennale-bacs.com\/wp-content\/uploads\/2019\/06\/3.jpg 768w, https:\/\/biennale-bacs.com\/wp-content\/uploads\/2019\/06\/3-150x150.jpg 150w, https:\/\/biennale-bacs.com\/wp-content\/uploads\/2019\/06\/3-300x300.jpg 300w\" sizes=\"auto, (max-width: 768px) 100vw, 768px\" \/><\/figure><\/li><\/ul>\n\n\n\n<p><br><\/p>\n\n\n\n<p><br><\/p>\n","protected":false},"excerpt":{"rendered":"<p>TRIBUTE TO THE DEAD ARTISTS &#8211; Espace Matisse Francis BaconEnrico BajJean-Michel BasquiatAlexander CalderMichele CascellaMarc ChagallJean CocteauSalvador Dal\u00ecMax ErnstKeith HaringJannis KounellisRen\u00e9 MagritteHenri MatisseJuan Mir\u00f3Carlo M\u00f2Henry MooreJackson PollockRobert Rauschenberg Man RayEmilio ScanavinoGraham SutherlandCy Twombly INVITED ARTISTS &#8211; Espace Cocteau, Espace Kurosawa, Espace Fontana, Espace Bingen AlgarcoPatrizia AlmontiAmiraGabriele&nbsp;<a class=\"read-more\" href=\"https:\/\/biennale-bacs.com\/index.php\/exhibitions\/\">&hellip;<\/a><\/p>\n","protected":false},"author":1,"featured_media":0,"parent":0,"menu_order":0,"comment_status":"closed","ping_status":"closed","template":"","meta":{"ngg_post_thumbnail":0,"footnotes":""},"class_list":["post-71","page","type-page","status-publish","hentry"],"_links":{"self":[{"href":"https:\/\/biennale-bacs.com\/index.php\/wp-json\/wp\/v2\/pages\/71","targetHints":{"allow":["GET"]}}],"collection":[{"href":"https:\/\/biennale-bacs.com\/index.php\/wp-json\/wp\/v2\/pages"}],"about":[{"href":"https:\/\/biennale-bacs.com\/index.php\/wp-json\/wp\/v2\/types\/page"}],"author":[{"embeddable":true,"href":"https:\/\/biennale-bacs.com\/index.php\/wp-json\/wp\/v2\/users\/1"}],"replies":[{"embeddable":true,"href":"https:\/\/biennale-bacs.com\/index.php\/wp-json\/wp\/v2\/comments?post=71"}],"version-history":[{"count":58,"href":"https:\/\/biennale-bacs.com\/index.php\/wp-json\/wp\/v2\/pages\/71\/revisions"}],"predecessor-version":[{"id":538,"href":"https:\/\/biennale-bacs.com\/index.php\/wp-json\/wp\/v2\/pages\/71\/revisions\/538"}],"wp:attachment":[{"href":"https:\/\/biennale-bacs.com\/index.php\/wp-json\/wp\/v2\/media?parent=71"}],"curies":[{"name":"wp","href":"https:\/\/api.w.org\/{rel}","templated":true}]}}